{"id":34,"date":"2015-03-21T20:12:01","date_gmt":"2015-03-21T19:12:01","guid":{"rendered":"http:\/\/localhost\/Webprojekte\/Missionskreis%20St.%20Matthias\/?page_id=34"},"modified":"2025-04-15T10:11:50","modified_gmt":"2025-04-15T08:11:50","slug":"ueber-uns","status":"publish","type":"page","link":"https:\/\/www.missionskreis-st-matthias.de\/?page_id=34","title":{"rendered":"\u00dcber Uns"},"content":{"rendered":"<div id=\"c244\" class=\"csc-default\">\n<p class=\"bodytext\">\u00a0Der Missionskreis wurde wohl im Jahre 1973 von Seminaristen des Sp\u00e4tberufenenseminars St. Matthias gegr\u00fcndet, um ehemalige Seminaristen und Sch\u00fcler, die in der Mission z.B. in Afrika, S\u00fcdamerika, Asien und Ozeanien t\u00e4tig sind, zu unterst\u00fctzen. Zu den meisten Missionaren und Entwicklungshelfern besteht pers\u00f6nlicher Kontakt.<\/p>\n<p class=\"bodytext\">Die Unterst\u00fctzung setzt sich zusammen aus Erl\u00f6sen des Waldramer Adventmarktes, dem Osterkerzenverkauf, Mitgliedsbeitr\u00e4gen und Spenden.<\/p>\n<p class=\"bodytext\">Die Mitglieder sind sowohl derzeitige Sch\u00fcler, Lehrer und Bewohner des Wohnheims in St. Matthias. Auch ein Teil der Hausangestellten ist dabei. Dazu kommen viele ehemalige Sch\u00fcler und Lehrer, sowie weitere Interessierte aus ganz Deutschland.<\/p>\n<\/div>\n","protected":false},"excerpt":{"rendered":"<p>\u00a0Der Missionskreis wurde wohl im Jahre 1973 von Seminaristen des Sp\u00e4tberufenenseminars St. Matthias gegr\u00fcndet, um ehemalige Seminaristen und Sch\u00fcler, die in der Mission z.B. in Afrika, S\u00fcdamerika, Asien und Ozeanien t\u00e4tig sind, zu unterst\u00fctzen. Zu den meisten Missionaren und Entwicklungshelfern besteht pers\u00f6nlicher Kontakt. Die Unterst\u00fctzung setzt sich zusammen aus Erl\u00f6sen des Waldramer Adventmarktes, dem Osterkerzenverkauf, [&hellip;]<\/p>\n","protected":false},"author":2,"featured_media":241,"parent":0,"menu_order":0,"comment_status":"closed","ping_status":"closed","template":"","meta":{"spay_email":""},"jetpack_shortlink":"https:\/\/wp.me\/P77G2M-y","jetpack_sharing_enabled":true,"_links":{"self":[{"href":"https:\/\/www.missionskreis-st-matthias.de\/index.php?rest_route=\/wp\/v2\/pages\/34"}],"collection":[{"href":"https:\/\/www.missionskreis-st-matthias.de\/index.php?rest_route=\/wp\/v2\/pages"}],"about":[{"href":"https:\/\/www.missionskreis-st-matthias.de\/index.php?rest_route=\/wp\/v2\/types\/page"}],"author":[{"embeddable":true,"href":"https:\/\/www.missionskreis-st-matthias.de\/index.php?rest_route=\/wp\/v2\/users\/2"}],"replies":[{"embeddable":true,"href":"https:\/\/www.missionskreis-st-matthias.de\/index.php?rest_route=%2Fwp%2Fv2%2Fcomments&post=34"}],"version-history":[{"count":7,"href":"https:\/\/www.missionskreis-st-matthias.de\/index.php?rest_route=\/wp\/v2\/pages\/34\/revisions"}],"predecessor-version":[{"id":1105,"href":"https:\/\/www.missionskreis-st-matthias.de\/index.php?rest_route=\/wp\/v2\/pages\/34\/revisions\/1105"}],"wp:featuredmedia":[{"embeddable":true,"href":"https:\/\/www.missionskreis-st-matthias.de\/index.php?rest_route=\/wp\/v2\/media\/241"}],"wp:attachment":[{"href":"https:\/\/www.missionskreis-st-matthias.de\/index.php?rest_route=%2Fwp%2Fv2%2Fmedia&parent=34"}],"curies":[{"name":"wp","href":"https:\/\/api.w.org\/{rel}","templated":true}]}}